j).
-3
Suppose -10*t - 24 = -22*t. Let z(g) = 1522*g - 3*g**t - 2*g**2 - 1516*g + 4*g**2 + 1. Let q be -1 + 6 + (2 - 1). Give z(q).
1
Let p be (9/(-6))/(2/(-8)). Suppose 3*r - p*r - 4*z = -15, 2*r - 10 = -z. Let x(i) = i**3 - 6*i**2 + 4*i - 1. Calculate x(r).
-6
Let b(f) = -f**2 + 3. Let o(z) = 3*z**2 - 11*z - 4. Let w be o(4). Determine b(w).
3
Let l(g) = -g - 10. Let v be l(-6). Let q = 2 - v. Let s(o) = o - 10. Let n be s(q). Let x(w) = -w**3 - 4*w**2 - w + 2. What is x(n)?
6
Let o(r) = 5*r - 7 + 8 + 1. Let z be o(1). Let d = -7 + z. Let q(f) = -f - 5. Calculate q(d).
-5
Let r(u) = 4*u + 14. Let h(z) = -3*z - 10. Let c(p) = 7*h(p) + 5*r(p). Calculate c(5).
-5
Suppose 4 - 10 = 6*k. Let r(n) = -n**3 + n - 1. Let a(j) = 7*j**3 - j**2 - 3. Let x(q) = a(q) - 2*r(q). Calculate x(k).
-9
Let s(b) = 2*b**2 + 40*b - 50. Let o be (21/140*5)/(2/(-56)). Give s(o).
-8
Let d(h) = -h**2 - h. Suppose -5*p - 4 = -3*l, -4*l - 5*p = -2*p + 14. Let b be (18/27)/(l/3)*0. Determine d(b).
0
Let i be (-4)/(-14) + 57/21. Let o(d) = -d**2 + d + 2. Let s(b) = b**2 + 2*b - 8. Let v(p) = 2*o(p) + s(p). Calculate v(i).
-1
Let w(m) = m**2 + 22*m - 20. Let v be w(-23). Let l(a) = 16 + 13 + 2*a - 28 - v*a. What is l(0)?
1
Let t(a) be the second derivative of -a**2/2 + 2*a. Let f(y) = -y - 1. Let r(z) = -f(z) + 6*t(z). Let i = 704 + -699. Give r(i).
0
Let t(k) = 253 + 17*k**2 - 275 + 226*k**3 - 225*k**3 - 18*k. Calculate t(-18).
-22
Suppose -i = -3*x - 15 + 64, -95 = -5*x + 5*i. Let b(t) = 16*t**2 - x*t**2 - 14 + 3 - t. Let l be 2/(-8) + (-1)/(-4). What is b(l)?
-11
Let j(n) = 26*n - 54. Let b be j(2). Let r(v) = -3*v + 4. Determine r(b).
10
Suppose b - 4 + 2 = 0. Let f(c) = -2 + 5*c**3 + 2*c**2 - 10*c**3 + 3 - b*c. Suppose 0 = 4*v + 3*q - 19, q - 5*q + 19 = -v. Determine f(v).
-4
Let d(y) = -y**3 + 5*y**2 - y + 7. Let z(u) = u**2 + 19*u. Let p be z(-20). Suppose 2*l - 7*l = b - 10, 5*b - 5*l - p = 0. Give d(b).
2
Let x(q) be the second derivative of -q**6/120 + q**5/12 - 5*q**4/24 + q**3/3 + 11*q**2/2 + 9*q - 1. Let o(g) be the first derivative of x(g). What is o(3)?
5
Let s(r) = 3 - 10*r**2 + 6*r + 2*r**2 + 7*r**2. Let c be 1*-7*(-10 + 9). Determine s(c).
-4
Let x(y) = y**3 - 2*y**2 + 1. Let z(c) = c**3 - 4*c**2 - 12*c + 2. Let o be z(6). Give x(o).
1
Let t(s) = -s**3 - 2*s**2 - s + 12. Let a(y) = -y**3 - 2*y**2 - 2*y + 13. Let w(v) = 2*a(v) - 3*t(v). Determine w(0).
-10
Let q(d) = -4 + 1 + 2*d**2 + 4 - d - 3. Suppose -8*g + 12*g = -12. Calculate q(g).
19
Let k(o) be the second derivative of -o**6/120 - o**5/10 + 5*o**4/24 - o**3 - 8*o**2 + 15*o. Let p(m) be the first derivative of k(m). Determine p(-7).
8
Suppose -4*q = -k + 6*k + 30, -3*q - 17 = k. Let j(l) = -2*l**2 - 2*l + 2. Give j(k).
-2
Let o(m) be the third derivative of m**5/60 - 2*m**4/3 - m**3 - 388*m**2. Give o(12).
-54
Let z(d) be the second derivative of -1/12*d**4 + 1/20*d**5 + 0*d**3 + 0 - 23*d + 3/2*d**2. Give z(0).
3
Let n(i) = -i**2 - 9*i - 1. Let a(j) = j**2 + 12*j - 3. Let b be a(-11). Let x be b/(-2)*2/(-2). Give n(x).
13
Let b = 97 + -91. Let l(u) be the second derivative of -u**6/360 + u**5/24 + u**4/4 - u**3/6 + 4*u. Let f(t) be the second derivative of l(t). Calculate f(b).
0
Let o(u) be the third derivative of u**8/20160 - u**7/1008 - u**6/120 + 7*u**5/30 - u**2. Let d(w) be the third derivative of o(w). Determine d(5).
-6
Let a(p) = 18*p**2 + 1. Suppose -15 = -13*v - 2*v. Calculate a(v).
19
Let p(g) = g**2 - 18*g - 15. Suppose 5*j - 49 = -3*h + 49, 3*h = -3*j + 60. Give p(j).
4
Let q be (-10)/(-6)*(2 - 20). Let i be (-1 - 110/(-6))/((-154)/(-231)). Let l = i + q. Let b(c) = c**2 + 6*c + 5. Give b(l).
-3
Let r(c) = 3*c**2 + 6*c**3 - 6*c**2 - 4 - 4*c**3 + 4*c - 3*c**3. Let q(a) = -2*a**3 - 6*a**2 + 9*a - 8. Let y(t) = -4*q(t) + 9*r(t). What is y(-3)?
-4
Let y be (1/2)/(4/(-80)). Let j = y - -6. Let z(p) = -4*p + 16. Let r(n) = n - 2. Let f(m) = -5*r(m) - z(m). Determine f(j).
-2
Let u(m) = -4*m - 2. Let q = -650 + 646. Determine u(q).
14
Let p(a) be the third derivative of a**5/60 + a**4/24 + a**3/3 - 11*a**2. Let x(i) be the first derivative of p(i). Give x(-2).
-3
Let a(f) = -4*f. Let r(s) = -22*s + 42. Let u be r(2). Give a(u).
8
Let q(n) = 3 + 22*n + 25*n - 66*n + 16*n. What is q(-3)?
12
Let q(x) = x**2 + 5*x + 3. Let w(u) = u - 2. Let h be w(7). Suppose -h = 4*c + 11. Calculate q(c).
-1
Let q(m) = -m**3 + 9*m**2 - 10*m + 7. Suppose 131 - 35 = 4*u. Let j be (6 + -3)/(9/u). Calculate q(j).
-9
Let p(b) = b**3 - 6*b**2 - 7*b + 3. Let z be p(7). Let s(a) = -15 - z*a + a + 3 + a**2 + 7. Let i be 30/8 + 1/4. Give s(i).
3
Let d = -12 + 51. Suppose 4 = 7*f + d. Let m(n) = 2 + 3 + 1 + 3*n. Give m(f).
-9
Let v(a) be the second derivative of -1/6*a**3 + 4*a - a**2 + 0 - 1/12*a**4. Determine v(2).
-8
Let j(u) = u**3 + 11*u**2 + 24*u + 2. Let o be j(-8). Let z(l) = 3*l**3 - 5*l**2 + 5*l - 6. What is z(o)?
8
Let q = 1416 - 1406. Let r(u) = -u**2 + 11*u - 10. Calculate r(q).
0
Let b(g) = g - 2. Suppose 3*h = -0*h, -4*l + 2*h = 8. Let m be (10 - 13)*(-1 - l). What is b(m)?
-5
Let z be (3678/(-216) + 17)*6/(-10). Let w(g) be the third derivative of 5/24*g**4 + 0 + 0*g**3 + 0*g + z*g**5 + g**2. Calculate w(-6).
6
Let i(p) = -p**3 - 3*p**2 + 7*p + 3. Suppose 203 = -19*s + 108. What is i(s)?
18
Let v(g) = -8 - 5*g**3 - 9*g - g**2 - 6*g**2 + 4*g**3. Let c(a) = 205*a - 621. Let o be c(3). Give v(o).
10
Suppose -3*l + 3*q = -6*l - 3, 0 = -3*l + 2*q - 28. Let i(g) = -g**3 - 5*g**2 + 6*g + 6. What is i(l)?
6
Let t(v) be the first derivative of 2*v**2 - 35. Let i = 4 + 1. Let p = 9 - i. Calculate t(p).
16
Let g(y) = y**3 - 7*y**2 + 7*y + 1. Suppose 0 = -75*w + 80*w - 15. Suppose 2*c = x - w*x + 2, -2*x = -4*c - 26. Give g(x).
-14
Suppose -47*b + 43*b = 12. Let p(x) = -3 + 2 - 3*x + 0*x. Determine p(b).
8
Let c(q) = -q**2 - 3*q - 5. Let s(h) = h**2 + 5*h - 6. Let u be s(-6). Suppose 2*a - 5*a = -36. Suppose u = -7*t + 4*t - a. Calculate c(t).
-9
Let f(b) be the second derivative of 1/6*b**3 - b - 1/2*b**2 + 0. What is f(6)?
5
Let a(j) = -j**2 + 9*j - 8. Suppose -65 = 4*h - 3*w - 10, -5*h + 4*w - 70 = 0. Let d = 5 - h. Suppose -3*l + 0*l + d = 0, f - 22 = -3*l. Calculate a(f).
6
Let t(p) = -6*p**3 - p**2. Let y = -80 + 113. Suppose 136 = 128*a - 124*a. Let n = a - y. Give t(n).
-7
Let g(z) be the second derivative of -z**5/20 + z**4/2 - 7*z**3/6 + z**2/2 - z. Let q(y) = 219*y + 662. Let x be q(-3). Give g(x).
-9
Let d(l) = -l**3 + l**2 + 9*l + 12. Let r(i) = i + 1. Let n(a) = d(a) - 6*r(a). Let u(f) be the first derivative of n(f). What is u(-2)?
-13
Suppose -4 - 29 = -11*l. Let j(u) = -4*u**3 - 9*u**2 + 3*u + 1. Let v(p) = -7*p**3 - 17*p**2 + 6*p + 2. Let w(x) = l*v(x) - 5*j(x). Calculate w(-6).
-17
Let c(b) be the second derivative of b**5/20 + 5*b**4/12 - b**3/3 + b**2 - 21*b + 5. What is c(-4)?
26
Let w(t) = -55 + 0*t - 2*t + 27 - t**2 + 24. Let d(p) = p**3 + p**2 - 2*p - 3. Let g be d(-2). What is w(g)?
-7
Let o(m) be the third derivative of 1/120*m**6 + 0 + 1/12*m**5 + 0*m - 5/24*m**4 + 4*m**2 - m**3. Let h = 31 - 37. Give o(h).
-12
Let v(h) = -h**2 + 7*h - 9. Suppose 1762*i = 1755*i + 42. What is v(i)?
-3
Let r(w) be the second derivative of w**4/2 + w**3/2 - w**2 - 2*w + 203. Give r(1).
7
Let o = 1577 + -1573. Let s(g) = -2*g**2 + 15*g - 29. Determine s(o).
-1
Let s(l) = l**3 + 4*l**2 - l + 1. Let f be s(-4). Let r(o) = o - 1. Let j(w) = -5*w. Suppose 0 = 5*v + 19 - 24. Let b(u) = v*j(u) + 6*r(u). Give b(f).
-1
Let o = -918 + 924. Let l(d) = -d**3 + 6*d**2 - 3*d + 2. Determine l(o).
-16
Suppose -m + 26 = 4*r - 2*m, -5*r = 4*m - 22. Let s(v) = 7*v - r*v + 5 + 2*v. Give s(-4).
-7
Let t = -37 + 43. Let y be (t/4)/(-1) - 6/(-12). Let s(m) = -2*m**3 + m**2. Determine s(y).
3
Let k(y) = 2 + 0*y - 126*y**2 + 2 + 3*y + 3*y + 124*y**2. Calculate k(5).
-16
Let z be (-4)/10 - (288/40)/(-3). Let d(r) = 11*r - z*r - 5 - 7*r. Calculate d(4).
3
Let w(o) be the third derivative of o**6/120 + 2*o**5/15 - 3*o**4/8 - o**3/3 + 13*o**2. Calculate w(-9).
-2
Let x(s) = s**2 + 5. Let l(z) = 4*z**2 - 13*z + 3. Let m be l(4). Suppose -2*c - m = -2*b - 7*c, 12 = 4*c. Give x(b).
5
Let r = 4 - -1. Let p(i) = i**3 - i**2 - 4*i + 6. Let v be p(2). Let m(y) = -2*y**3 - 6*y**v - 26*y + 3*y**3 + 28*y + 0 + 6. Give m(r).
-9
Let c(u) = 9*u + 2